 290 = 0. What is the remainder when u is divided by 16?
10
Let c = -14 + 38. Calculate the remainder when 14 is divided by (-4)/c*-3*16.
6
Suppose 0 = -26*w + 21*w + 15. Suppose -4*t + 27 = -w*t. Suppose 0 = 4*n + j - 32, 9*n = 4*n - 4*j + 51. What is the remainder when t is divided by n?
6
Let y(v) = 48*v**3 - v - 1. Let b be y(-1). Calculate the remainder when 41 is divided by b*(-1)/(-2)*34/(-51).
9
Let f = 35 - 1. Let j(p) = p - 17. Let y(a) = 2*a - 18. Let d(i) = -3*j(i) + 2*y(i). What is the remainder when f is divided by d(-8)?
6
Suppose 1119 = 46*w - 629. Calculate the remainder when w is divided by 38.
0
Suppose 208 = 2*l + 2*l - j, 4*j - 16 = 0. Calculate the remainder when 209 is divided by l.
50
Let u be -10 + 13 - (-2)/1. Suppose -u = -s - 4*k, -2*k - 8 = 2*k. Calculate the remainder when 23 is divided by s.
10
What is the remainder when (-2)/4 - (15181/(-34) - 15) is divided by 18?
11
Suppose 4*n - 134 = -4*j + 2*j, 2*n = 5*j + 37. Calculate the remainder when -2*(-1)/((-1)/(-46)) is divided by n.
30
Suppose 5*h - 115 - 35 = 0. Suppose -h + 8 = -b. What is the remainder when 13/117 + 377/9 is divided by b?
20
Suppose -4*u - 502 = -6*u. Calculate the remainder when u is divided by 12.
11
Let f = -871 + 1306. What is the remainder when f is divided by 86?
5
Let y = 105 - 73. What is the remainder when 72 is divided by y?
8
Suppose 779 = -6*u + 25*u. What is the remainder when u is divided by ((-84)/(-15))/((-4)/(-10))?
13
Let s(v) = -v**3 - 9*v**2 - 9*v - 11. Let u be s(-8). Let m(r) = -35*r - 8. Calculate the remainder when m(u) is divided by 50.
47
Suppose 5*d = 110 - 55. Let c be -1*(-3 - 3/3). Let u = d - c. Calculate the remainder when 8 is divided by u.
1
Suppose 4*m + 4 = -4*v, -4*m - 1 = -3*v + 3. Suppose -3*j + 6 = v, -4*j + j + 16 = 5*q. Let y = -9 + 11. Calculate the remainder when y is divided by q.
0
Let f = 152 - 125. Calculate the remainder when 107 is divided by f.
26
Let a = 118 + -181. Let t = -14 - a. What is the remainder when t is divided by 14?
7
Suppose -134 + 149 = 3*g. Suppose 6*n - n - 41 = 3*z, 5*n + g*z - 25 = 0. Suppose 0 = -d + 50 - 19. Calculate the remainder when d is divided by n.
3
Suppose 19 = 5*j + 9. Suppose -6*k + j*k = -100. What is the remainder when 47 is divided by k?
22
Suppose a = -4*a - 10. Let l = a - -15. What is the remainder when 36 is divided by l?
10
Let s = 1 + 42. Let a = 4 - 2. Suppose j = -a + 17. Calculate the remainder when s is divided by j.
13
Let b be (2 - -1 - -23) + -2. Suppose 0 = -2*w - 2*w + 4, j + 5*w = b. Suppose 8 = -i + j. What is the remainder when i is divided by 4?
3
Let b = 1371 - 1337. Calculate the remainder when 78 is divided by b.
10
Suppose -2*u + 5*u - 5*a - 4 = 0, -2*a + 40 = 4*u. What is the remainder when (-2)/u + (-29)/(-4) is divided by 2?
1
Suppose -240 = 7*p - 10*p. Calculate the remainder when p is divided by 288/10 + 20/(-25).
24
Suppose 3*k + 79 = c + 3*c, 4*k = -4*c - 68. Suppose 5*t = 3*z + 23, -5*z + 5 = -t + 14. What is the remainder when 90/k - -4 - (-102)/14 is divided by t?
3
Suppose 0 = 48*u + 2488 - 7192. Calculate the remainder when u is divided by 25.
23
Suppose -326 = -5*t + 314. Suppose 0*h - t = -2*b + 2*h, 2*b = h + 129. What is the remainder when b is divided by 17?
14
Suppose 3*z - 4*o - 58 = 0, 10 + 0 = z + o. What is the remainder when 20 is divided by z - -1*(0 + -3)?
9
Suppose -a - 2*a = -501. Suppose -a = -4*z + 2*k - 59, -4*k = -16. Calculate the remainder when 162/(-36)*38/(-3) is divided by z.
28
Let z = -150 + 163. Calculate the remainder when 63 is divided by z.
11
Let m be (-1)/(-2) - 25/10. Let d be 12*-5 - (2 + m). What is the remainder when -2 - (4 + d + -1) is divided by 19?
17
Suppose 16*a + 20 = 20*a + l, -2*l = -2*a + 20. Suppose 5*d + 4*w = d + 24, -24 = -5*d - 2*w. What is the remainder when a is divided by d?
2
Calculate the remainder when 131 is divided by (-40)/16*(-7)/((-35)/(-46)).
16
Let g = -258 - -438. Suppose -w = -5*f + 2*w + g, 3*f + 3*w - 108 = 0. What is the remainder when 69 is divided by f?
33
Calculate the remainder when 116 is divided by (-3 + (-35)/(-10))/((-1)/(-56)).
4
Suppose 0 = -20*o - 1568 + 7208. What is the remainder when o is divided by 48?
42
Let n be ((-13)/(-3))/(1/(-3)). Let r = n - -66. Calculate the remainder when r is divided by 25/((-250)/(-120)) - -2.
11
Let h(f) = f**3 - 3*f**2 + 5*f - 4*f + 5*f - 3*f**3 + 6. What is the remainder when 29 is divided by h(-3)?
14
Let o(z) = -7*z + 8. Calculate the remainder when 385 is divided by o(-4).
25
Suppose 0*c - 15 = -5*n - c, -3*n = 3*c - 21. Let r(x) = 9*x**3 - 3*x**2 + 5*x - 6. What is the remainder when r(n) is divided by 22?
20
Let z(m) = -m + 36. Let b be z(-12). Let p = b - 44. Suppose 4*i - 105 = -5. What is the remainder when i is divided by p?
1
What is the remainder when -16*((-2)/(-4) - 2) is divided by 11 + (4 - 6)/1?
6
Let n = 445 + -416. What is the remainder when 114 is divided by n?
27
Let l(p) = -p**3 - 25*p**2 - 3*p - 35. What is the remainder when 147 is divided by l(-25)?
27
Let l = 51 + 226. What is the remainder when l is divided by 26?
17
Suppose -2*k + 8*k - 72 = 0. Calculate the remainder when 22 is divided by 4 - 0 - (k - 15).
1
Let o(j) = -125*j - 138. Calculate the remainder when o(-2) is divided by 110.
2
Let l be (-3 - -7)/4 - -2. Suppose 7*y - l*y = 240. What is the remainder when y is divided by 16?
12
Calculate the remainder when ((-2312)/6)/4*(-2 - 1) is divided by 58.
57
Let j(l) = -l**2 + 18*l - 62. What is the remainder when 69 is divided by j(10)?
15
Let j = -1 + 1. Suppose 2*t + j*t = 0. Let m(b) = b + 12. Calculate the remainder when 22 is divided by m(t).
10
Let y = -5 - -5. Suppose -4*w + 8 = y, w + 8 = -j + 27. Let s = 22 - j. Calculate the remainder when s is divided by 5.
0
Suppose v + 2*v + 4*h - 242 = 0, -v = h - 79. Suppose q - 3*q + v = 0. Let s = 163 + -53. Calculate the remainder when s is divided by q.
36
Let q(l) = 6*l**2 + 11. What is the remainder when 583 is divided by q(3)?
63
Suppose -67 = -o - i, 4*i + 77 = -22*o + 23*o. What is the remainder when o is divided by 25?
19
What is the remainder when -13 + 8 - (-572 - 0 - 5) is divided by 24?
20
Let l = -360 + 1875. Calculate the remainder when l is divided by 22.
19
Suppose -33 = 5*i - 508. Let k(g) = -2*g**3 - 21*g**2 - 9*g + 13. Let y be k(-10). Suppose 77 - 5 = y*z. What is the remainder when i is divided by z?
23
Let v = -20 + 17. What is the remainder when 1*(-188)/12*v is divided by 10?
7
Suppose -5*g = 3*j - 139, 7*j + 3*g + 137 = 11*j. Calculate the remainder when 150 is divided by j.
36
Suppose -7*c - 430 = -17*c. Suppose w - 2*w = n - 11, 5*n = 2*w - c. What is the remainder when 52 is divided by w?
10
Let n = -172 - -232. Calculate the remainder when n is divided by 18.
6
Suppose -5*r = x - 37, -4*r = 2*x + 5 - 31. Calculate the remainder when 78 is divided by r.
6
Suppose 11*i - 44 = 9*i + 2*a, -4*i - 3*a + 88 = 0. What is the remainder when 93 is divided by i?
5
Let u = -7384 + 7401. Suppose 0*j = -j + 1, 30 = a - 3*j. Calculate the remainder when a is divided by u.
16
Let n = 21 + -8. Let z be (-18)/6 - (0 + -61). Suppose -3*r = -6*r - i + 142, -r + 5*i + z = 0. Calculate the remainder when r is divided by n.
9
Let r = 536 - 479. Calculate the remainder when 108 is divided by r.
51
Let o = -34 + 32. Let c = -6 - o. Calculate the remainder when 14 - (-4)/(8/c) is divided by 9.
3
Let z = 75 + -20. Suppose 0 = 3*p - p + 2. Calculate the remainder when z*p/(-1) - -1 is divided by 12.
8
Suppose -5*a = -35 - 50. Let s(z) = z**3 - 16*z**2 - 16*z - 13. Calculate the remainder when 22 is divided by s(a).
2
Suppose 2 = -2*b, 6*v - 5*b - 45 = 2*v. Let g(r) = -9*r + 5 - 9*r**2 + r + r**3 - 4. What is the remainder when g(v) is divided by 6?
3
Let s = -520 - -655. Calculate the remainder when s is divided by 14.
9
Let h = 20 - 5. What is the remainder when h is divided by (21 + -24)/(1/(8/(-6)))?
3
Let t(u) = 33*u - 213. Calculate the remainder when t(12) is divided by 23.
22
Let y = 43 + -62. Let v = -12 - y. Calculate the remainder when v is divided by 6.
1
Let o = -113 - -116. Suppose 0 = -3*v - 3*t, -v + o*t = 2*t - 4. Suppose -2*q + 2*z = 0, -2*q - 2 - 2 = -3*z. Calculate the remainder when q is divided by v.
0
Le